{"id":228,"date":"2024-11-01T13:41:32","date_gmt":"2024-11-01T13:41:32","guid":{"rendered":"https:\/\/studenter.miun.se\/~alku2200\/writeable\/wordpress-6.2\/wordpress\/?page_id=228"},"modified":"2024-11-02T09:01:48","modified_gmt":"2024-11-02T09:01:48","slug":"nyhete","status":"publish","type":"page","link":"https:\/\/studenter.miun.se\/~alku2200\/writeable\/wordpress-6.2\/wordpress\/nyhete\/","title":{"rendered":"Nyheter"},"content":{"rendered":"","protected":false},"excerpt":{"rendered":"","protected":false},"author":1,"featured_media":214,"parent":0,"menu_order":0,"comment_status":"closed","ping_status":"closed","template":"template-news.php","meta":[],"yoast_head":"<!-- This site is optimized with the Yoast SEO plugin v21.4 - https:\/\/yoast.com\/wordpress\/plugins\/seo\/ -->\n<title>Nyheter - Webbdesign f\u00f6r CMS<\/title>\n<meta name=\"description\" content=\"J\u00e4rvs\u00f6 stugby nyheter, J\u00e4rvs\u00f6 stugby aktiviteter, J\u00e4rvs\u00f6 stugby mat, J\u00e4rvs\u00f6 stugby mountainbike, J\u00e4rvs\u00f6 stugby skid\u00e5kning\" \/>\n<meta name=\"robots\" content=\"index, follow, max-snippet:-1, max-image-preview:large, max-video-preview:-1\" \/>\n<link rel=\"canonical\" href=\"https:\/\/studenter.miun.se\/~alku2200\/writeable\/wordpress-6.2\/wordpress\/nyhete\/\" \/>\n<meta property=\"og:locale\" content=\"en_US\" \/>\n<meta property=\"og:type\" content=\"article\" \/>\n<meta property=\"og:title\" content=\"Nyheter - Webbdesign f\u00f6r CMS\" \/>\n<meta property=\"og:description\" content=\"J\u00e4rvs\u00f6 stugby nyheter, J\u00e4rvs\u00f6 stugby aktiviteter, J\u00e4rvs\u00f6 stugby mat, J\u00e4rvs\u00f6 stugby mountainbike, J\u00e4rvs\u00f6 stugby skid\u00e5kning\" \/>\n<meta property=\"og:url\" content=\"https:\/\/studenter.miun.se\/~alku2200\/writeable\/wordpress-6.2\/wordpress\/nyhete\/\" \/>\n<meta property=\"og:site_name\" content=\"Webbdesign f\u00f6r CMS\" \/>\n<meta property=\"article:modified_time\" content=\"2024-11-02T09:01:48+00:00\" \/>\n<meta property=\"og:image\" content=\"https:\/\/studenter.miun.se\/~alku2200\/writeable\/wordpress-6.2\/wordpress\/wp-content\/uploads\/2024\/11\/winter-vacation-holiday-wooden-house-mountains-covered-with-snow-blue-sky-skis-front-house.jpg\" \/>\n\t<meta property=\"og:image:width\" content=\"792\" \/>\n\t<meta property=\"og:image:height\" content=\"529\" \/>\n\t<meta property=\"og:image:type\" content=\"image\/jpeg\" \/>\n<meta name=\"twitter:card\" content=\"summary_large_image\" \/>\n<script type=\"application\/ld+json\" class=\"yoast-schema-graph\">{\"@context\":\"https:\/\/schema.org\",\"@graph\":[{\"@type\":\"WebPage\",\"@id\":\"https:\/\/studenter.miun.se\/~alku2200\/writeable\/wordpress-6.2\/wordpress\/nyhete\/\",\"url\":\"https:\/\/studenter.miun.se\/~alku2200\/writeable\/wordpress-6.2\/wordpress\/nyhete\/\",\"name\":\"Nyheter - Webbdesign f\u00f6r CMS\",\"isPartOf\":{\"@id\":\"https:\/\/studenter.miun.se\/~alku2200\/writeable\/wordpress-6.2\/wordpress\/#website\"},\"datePublished\":\"2024-11-01T13:41:32+00:00\",\"dateModified\":\"2024-11-02T09:01:48+00:00\",\"description\":\"J\u00e4rvs\u00f6 stugby nyheter, J\u00e4rvs\u00f6 stugby aktiviteter, J\u00e4rvs\u00f6 stugby mat, J\u00e4rvs\u00f6 stugby mountainbike, J\u00e4rvs\u00f6 stugby skid\u00e5kning\",\"breadcrumb\":{\"@id\":\"https:\/\/studenter.miun.se\/~alku2200\/writeable\/wordpress-6.2\/wordpress\/nyhete\/#breadcrumb\"},\"inLanguage\":\"en-US\",\"potentialAction\":[{\"@type\":\"ReadAction\",\"target\":[\"https:\/\/studenter.miun.se\/~alku2200\/writeable\/wordpress-6.2\/wordpress\/nyhete\/\"]}]},{\"@type\":\"BreadcrumbList\",\"@id\":\"https:\/\/studenter.miun.se\/~alku2200\/writeable\/wordpress-6.2\/wordpress\/nyhete\/#breadcrumb\",\"itemListElement\":[{\"@type\":\"ListItem\",\"position\":1,\"name\":\"Home\",\"item\":\"https:\/\/studenter.miun.se\/~alku2200\/writeable\/wordpress-6.2\/wordpress\/\"},{\"@type\":\"ListItem\",\"position\":2,\"name\":\"Nyheter\"}]},{\"@type\":\"WebSite\",\"@id\":\"https:\/\/studenter.miun.se\/~alku2200\/writeable\/wordpress-6.2\/wordpress\/#website\",\"url\":\"https:\/\/studenter.miun.se\/~alku2200\/writeable\/wordpress-6.2\/wordpress\/\",\"name\":\"SkogsAB\",\"description\":\"VT2023 DT197G Datateknik GR (B)\",\"publisher\":{\"@id\":\"https:\/\/studenter.miun.se\/~alku2200\/writeable\/wordpress-6.2\/wordpress\/#organization\"},\"potentialAction\":[{\"@type\":\"SearchAction\",\"target\":{\"@type\":\"EntryPoint\",\"urlTemplate\":\"https:\/\/studenter.miun.se\/~alku2200\/writeable\/wordpress-6.2\/wordpress\/?s={search_term_string}\"},\"query-input\":\"required name=search_term_string\"}],\"inLanguage\":\"en-US\"},{\"@type\":\"Organization\",\"@id\":\"https:\/\/studenter.miun.se\/~alku2200\/writeable\/wordpress-6.2\/wordpress\/#organization\",\"name\":\"SkogsAB\",\"url\":\"https:\/\/studenter.miun.se\/~alku2200\/writeable\/wordpress-6.2\/wordpress\/\",\"logo\":{\"@type\":\"ImageObject\",\"inLanguage\":\"en-US\",\"@id\":\"https:\/\/studenter.miun.se\/~alku2200\/writeable\/wordpress-6.2\/wordpress\/#\/schema\/logo\/image\/\",\"url\":\"https:\/\/studenter.miun.se\/~alku2200\/writeable\/wordpress-6.2\/wordpress\/wp-content\/uploads\/2023\/10\/skoglogo.png\",\"contentUrl\":\"https:\/\/studenter.miun.se\/~alku2200\/writeable\/wordpress-6.2\/wordpress\/wp-content\/uploads\/2023\/10\/skoglogo.png\",\"width\":200,\"height\":200,\"caption\":\"SkogsAB\"},\"image\":{\"@id\":\"https:\/\/studenter.miun.se\/~alku2200\/writeable\/wordpress-6.2\/wordpress\/#\/schema\/logo\/image\/\"}}]}<\/script>\n<!-- \/ Yoast SEO plugin. -->","yoast_head_json":{"title":"Nyheter - Webbdesign f\u00f6r CMS","description":"J\u00e4rvs\u00f6 stugby nyheter, J\u00e4rvs\u00f6 stugby aktiviteter, J\u00e4rvs\u00f6 stugby mat, J\u00e4rvs\u00f6 stugby mountainbike, J\u00e4rvs\u00f6 stugby skid\u00e5kning","robots":{"index":"index","follow":"follow","max-snippet":"max-snippet:-1","max-image-preview":"max-image-preview:large","max-video-preview":"max-video-preview:-1"},"canonical":"https:\/\/studenter.miun.se\/~alku2200\/writeable\/wordpress-6.2\/wordpress\/nyhete\/","og_locale":"en_US","og_type":"article","og_title":"Nyheter - Webbdesign f\u00f6r CMS","og_description":"J\u00e4rvs\u00f6 stugby nyheter, J\u00e4rvs\u00f6 stugby aktiviteter, J\u00e4rvs\u00f6 stugby mat, J\u00e4rvs\u00f6 stugby mountainbike, J\u00e4rvs\u00f6 stugby skid\u00e5kning","og_url":"https:\/\/studenter.miun.se\/~alku2200\/writeable\/wordpress-6.2\/wordpress\/nyhete\/","og_site_name":"Webbdesign f\u00f6r CMS","article_modified_time":"2024-11-02T09:01:48+00:00","og_image":[{"width":792,"height":529,"url":"https:\/\/studenter.miun.se\/~alku2200\/writeable\/wordpress-6.2\/wordpress\/wp-content\/uploads\/2024\/11\/winter-vacation-holiday-wooden-house-mountains-covered-with-snow-blue-sky-skis-front-house.jpg","type":"image\/jpeg"}],"twitter_card":"summary_large_image","schema":{"@context":"https:\/\/schema.org","@graph":[{"@type":"WebPage","@id":"https:\/\/studenter.miun.se\/~alku2200\/writeable\/wordpress-6.2\/wordpress\/nyhete\/","url":"https:\/\/studenter.miun.se\/~alku2200\/writeable\/wordpress-6.2\/wordpress\/nyhete\/","name":"Nyheter - Webbdesign f\u00f6r CMS","isPartOf":{"@id":"https:\/\/studenter.miun.se\/~alku2200\/writeable\/wordpress-6.2\/wordpress\/#website"},"datePublished":"2024-11-01T13:41:32+00:00","dateModified":"2024-11-02T09:01:48+00:00","description":"J\u00e4rvs\u00f6 stugby nyheter, J\u00e4rvs\u00f6 stugby aktiviteter, J\u00e4rvs\u00f6 stugby mat, J\u00e4rvs\u00f6 stugby mountainbike, J\u00e4rvs\u00f6 stugby skid\u00e5kning","breadcrumb":{"@id":"https:\/\/studenter.miun.se\/~alku2200\/writeable\/wordpress-6.2\/wordpress\/nyhete\/#breadcrumb"},"inLanguage":"en-US","potentialAction":[{"@type":"ReadAction","target":["https:\/\/studenter.miun.se\/~alku2200\/writeable\/wordpress-6.2\/wordpress\/nyhete\/"]}]},{"@type":"BreadcrumbList","@id":"https:\/\/studenter.miun.se\/~alku2200\/writeable\/wordpress-6.2\/wordpress\/nyhete\/#breadcrumb","itemListElement":[{"@type":"ListItem","position":1,"name":"Home","item":"https:\/\/studenter.miun.se\/~alku2200\/writeable\/wordpress-6.2\/wordpress\/"},{"@type":"ListItem","position":2,"name":"Nyheter"}]},{"@type":"WebSite","@id":"https:\/\/studenter.miun.se\/~alku2200\/writeable\/wordpress-6.2\/wordpress\/#website","url":"https:\/\/studenter.miun.se\/~alku2200\/writeable\/wordpress-6.2\/wordpress\/","name":"SkogsAB","description":"VT2023 DT197G Datateknik GR (B)","publisher":{"@id":"https:\/\/studenter.miun.se\/~alku2200\/writeable\/wordpress-6.2\/wordpress\/#organization"},"potentialAction":[{"@type":"SearchAction","target":{"@type":"EntryPoint","urlTemplate":"https:\/\/studenter.miun.se\/~alku2200\/writeable\/wordpress-6.2\/wordpress\/?s={search_term_string}"},"query-input":"required name=search_term_string"}],"inLanguage":"en-US"},{"@type":"Organization","@id":"https:\/\/studenter.miun.se\/~alku2200\/writeable\/wordpress-6.2\/wordpress\/#organization","name":"SkogsAB","url":"https:\/\/studenter.miun.se\/~alku2200\/writeable\/wordpress-6.2\/wordpress\/","logo":{"@type":"ImageObject","inLanguage":"en-US","@id":"https:\/\/studenter.miun.se\/~alku2200\/writeable\/wordpress-6.2\/wordpress\/#\/schema\/logo\/image\/","url":"https:\/\/studenter.miun.se\/~alku2200\/writeable\/wordpress-6.2\/wordpress\/wp-content\/uploads\/2023\/10\/skoglogo.png","contentUrl":"https:\/\/studenter.miun.se\/~alku2200\/writeable\/wordpress-6.2\/wordpress\/wp-content\/uploads\/2023\/10\/skoglogo.png","width":200,"height":200,"caption":"SkogsAB"},"image":{"@id":"https:\/\/studenter.miun.se\/~alku2200\/writeable\/wordpress-6.2\/wordpress\/#\/schema\/logo\/image\/"}}]}},"_links":{"self":[{"href":"https:\/\/studenter.miun.se\/~alku2200\/writeable\/wordpress-6.2\/wordpress\/wp-json\/wp\/v2\/pages\/228"}],"collection":[{"href":"https:\/\/studenter.miun.se\/~alku2200\/writeable\/wordpress-6.2\/wordpress\/wp-json\/wp\/v2\/pages"}],"about":[{"href":"https:\/\/studenter.miun.se\/~alku2200\/writeable\/wordpress-6.2\/wordpress\/wp-json\/wp\/v2\/types\/page"}],"author":[{"embeddable":true,"href":"https:\/\/studenter.miun.se\/~alku2200\/writeable\/wordpress-6.2\/wordpress\/wp-json\/wp\/v2\/users\/1"}],"replies":[{"embeddable":true,"href":"https:\/\/studenter.miun.se\/~alku2200\/writeable\/wordpress-6.2\/wordpress\/wp-json\/wp\/v2\/comments?post=228"}],"version-history":[{"count":1,"href":"https:\/\/studenter.miun.se\/~alku2200\/writeable\/wordpress-6.2\/wordpress\/wp-json\/wp\/v2\/pages\/228\/revisions"}],"predecessor-version":[{"id":229,"href":"https:\/\/studenter.miun.se\/~alku2200\/writeable\/wordpress-6.2\/wordpress\/wp-json\/wp\/v2\/pages\/228\/revisions\/229"}],"wp:featuredmedia":[{"embeddable":true,"href":"https:\/\/studenter.miun.se\/~alku2200\/writeable\/wordpress-6.2\/wordpress\/wp-json\/wp\/v2\/media\/214"}],"wp:attachment":[{"href":"https:\/\/studenter.miun.se\/~alku2200\/writeable\/wordpress-6.2\/wordpress\/wp-json\/wp\/v2\/media?parent=228"}],"curies":[{"name":"wp","href":"https:\/\/api.w.org\/{rel}","templated":true}]}}