{"id":63,"date":"2023-05-12T00:15:14","date_gmt":"2023-05-11T22:15:14","guid":{"rendered":"https:\/\/studenter.miun.se\/~ambj2200\/writeable\/dt197g\/projekt\/?page_id=63"},"modified":"2023-05-12T10:47:58","modified_gmt":"2023-05-12T08:47:58","slug":"om-oss","status":"publish","type":"page","link":"https:\/\/studenter.miun.se\/~ambj2200\/writeable\/dt197g\/projekt\/om-oss\/","title":{"rendered":"Om oss"},"content":{"rendered":"\n<h2 class=\"wp-block-heading\">Om Lakeview Resorts<\/h2>\n\n\n\n<p>Lakeview Resorts grundades i b\u00f6rjan av 2000-talet i syfte att erbjuda unika och autentiska semesterupplevelser i vacker natur vid n\u00e5gra av Sveriges mest fantastiska sj\u00f6ar. F\u00f6retaget specialiserar sig p\u00e5 uthyrning av <a href=\"https:\/\/studenter.miun.se\/~ambj2200\/writeable\/dt197g\/projekt\/category\/boende\/\">stugor<\/a>, d\u00e4r varje stuga har sin egen charm och \u00e4r bel\u00e4gen med en spektakul\u00e4r utsikt \u00f6ver sj\u00f6n.<\/p>\n\n\n\n<p>Men det \u00e4r inte bara boende som Lakeview Resorts har att erbjuda. Med en passion f\u00f6r naturen och utomhusaktiviteter, \u00e4r vi \u00e4ven experter p\u00e5 att ordna <a href=\"https:\/\/studenter.miun.se\/~ambj2200\/writeable\/dt197g\/projekt\/category\/aktiviteter\/\">vandrings-, fiske- och kajakupplevelser<\/a>. Vi kan skr\u00e4ddarsy din semester efter dina \u00f6nskem\u00e5l och ge dig en of\u00f6rgl\u00f6mlig upplevelse av Sveriges natur.<\/p>\n\n\n\n<p>F\u00f6rutom att erbjuda ett fantastiskt <a href=\"https:\/\/studenter.miun.se\/~ambj2200\/writeable\/dt197g\/projekt\/category\/boende\/\">boende<\/a> och sp\u00e4nnande <a href=\"https:\/\/studenter.miun.se\/~ambj2200\/writeable\/dt197g\/projekt\/category\/aktiviteter\/\">utomhusaktiviteter<\/a>, str\u00e4var Lakeview Resorts ocks\u00e5 efter att ge v\u00e5ra g\u00e4ster en h\u00f6g serviceniv\u00e5 och personligt bem\u00f6tande. Vi vill att du ska k\u00e4nna dig som hemma och g\u00f6ra din semester s\u00e5 avslappnande och minnesv\u00e4rd som m\u00f6jligt.<\/p>\n\n\n\n<p>S\u00e5 om du \u00e4r sugen p\u00e5 en unik semesterupplevelse i Sverige, med m\u00f6jlighet till vandring, fiske eller paddling i n\u00e5gra av landets mest fantastiska sj\u00f6ar, \u00e4r Lakeview Resorts f\u00f6retaget f\u00f6r dig.<\/p>\n\n\n\n<h2 class=\"wp-block-heading\">Om webbplatsen<\/h2>\n\n\n\n<p>Webbplatsen \u00e4r skapad med hj\u00e4lp av WordPress vilket underl\u00e4ttar f\u00f6r oss att publicera nyheter och olika typer av inl\u00e4gg. P\u00e5 sidan <a href=\"https:\/\/studenter.miun.se\/~ambj2200\/writeable\/dt197g\/projekt\/category\/boende\/\">boende<\/a> hittar du olika typer av stugor som vi hyr ut till f\u00f6rm\u00e5nliga priser. Under <a href=\"https:\/\/studenter.miun.se\/~ambj2200\/writeable\/dt197g\/projekt\/category\/aktiviteter\/\">aktiviteter<\/a> hittar du v\u00e5ra olika erbjudanden som till\u00e4gg till boendet. Klicka bara p\u00e5 knappen Boka under enskilt boende eller aktivitet f\u00f6r att komma till <a href=\"https:\/\/studenter.miun.se\/~ambj2200\/writeable\/dt197g\/projekt\/boka\/\">bokningssidan<\/a> d\u00e4r du f\u00e5r fylla i dina uppgifter och detaljer om ditt \u00e4ventyr.<\/p>\n\n\n\n<p>Anst\u00e4llda hos Lakeview Resorts vill g\u00e4rna dela med sig av sig sj\u00e4lva och sina erfarenheter om f\u00f6retaget och om de olika boenden och aktiviteter vi erbjuder. Deras ber\u00e4ttelser hittar du under <a href=\"https:\/\/studenter.miun.se\/~ambj2200\/writeable\/dt197g\/projekt\/category\/blogg\/\">blogginl\u00e4gg<\/a> i menyn.<\/p>\n\n\n\n<p><strong>V\u00e4lkommen att hitta din dr\u00f6msemester hos oss p\u00e5 Lakeview Resorts! <\/strong><\/p>\n\n\n\n<br>\n\n\n\n<p><a href=\"https:\/\/studenter.miun.se\/~ambj2200\/writeable\/dt197g\/projekt\/kontakt\/\">Kontakta oss<\/a><\/p>\n","protected":false},"excerpt":{"rendered":"<p>Om Lakeview Resorts Lakeview Resorts grundades i b\u00f6rjan av 2000-talet i syfte att erbjuda unika och autentiska semesterupplevelser i vacker natur vid n\u00e5gra av Sveriges mest fantastiska sj\u00f6ar. F\u00f6retaget specialiserar sig p\u00e5 uthyrning av stugor, d\u00e4r varje stuga har sin egen charm och \u00e4r bel\u00e4gen med en spektakul\u00e4r utsikt \u00f6ver sj\u00f6n. Men det \u00e4r inte [&hellip;]<\/p>\n","protected":false},"author":1,"featured_media":19,"parent":0,"menu_order":0,"comment_status":"closed","ping_status":"closed","template":"template-about.php","meta":{"footnotes":""},"class_list":["post-63","page","type-page","status-publish","has-post-thumbnail","hentry"],"yoast_head":"<!-- This site is optimized with the Yoast SEO plugin v20.7 - https:\/\/yoast.com\/wordpress\/plugins\/seo\/ -->\n<title>Om oss - Lakeview Resorts<\/title>\n<meta name=\"description\" content=\"Lakeview Resorts erbjuder unika och autentiska semesterupplevelser i vacker natur vid n\u00e5gra av Sveriges mest fantastiska sj\u00f6ar.\" \/>\n<meta name=\"robots\" content=\"index, follow, max-snippet:-1, max-image-preview:large, max-video-preview:-1\" \/>\n<link rel=\"canonical\" href=\"https:\/\/studenter.miun.se\/~ambj2200\/writeable\/dt197g\/projekt\/om-oss\/\" \/>\n<meta property=\"og:locale\" content=\"sv_SE\" \/>\n<meta property=\"og:type\" content=\"article\" \/>\n<meta property=\"og:title\" content=\"Om oss - Lakeview Resorts\" \/>\n<meta property=\"og:description\" content=\"Lakeview Resorts erbjuder unika och autentiska semesterupplevelser i vacker natur vid n\u00e5gra av Sveriges mest fantastiska sj\u00f6ar.\" \/>\n<meta property=\"og:url\" content=\"https:\/\/studenter.miun.se\/~ambj2200\/writeable\/dt197g\/projekt\/om-oss\/\" \/>\n<meta property=\"og:site_name\" content=\"Lakeview Resorts\" \/>\n<meta property=\"article:modified_time\" content=\"2023-05-12T08:47:58+00:00\" \/>\n<meta property=\"og:image\" content=\"https:\/\/studenter.miun.se\/~ambj2200\/writeable\/dt197g\/projekt\/wp-content\/uploads\/2023\/05\/kanot1-1.jpg\" \/>\n\t<meta property=\"og:image:width\" content=\"1000\" \/>\n\t<meta property=\"og:image:height\" content=\"667\" \/>\n\t<meta property=\"og:image:type\" content=\"image\/jpeg\" \/>\n<meta name=\"twitter:card\" content=\"summary_large_image\" \/>\n<meta name=\"twitter:label1\" content=\"Ber\u00e4knad l\u00e4stid\" \/>\n\t<meta name=\"twitter:data1\" content=\"2 minuter\" \/>\n<script type=\"application\/ld+json\" class=\"yoast-schema-graph\">{\"@context\":\"https:\/\/schema.org\",\"@graph\":[{\"@type\":\"WebPage\",\"@id\":\"https:\/\/studenter.miun.se\/~ambj2200\/writeable\/dt197g\/projekt\/om-oss\/\",\"url\":\"https:\/\/studenter.miun.se\/~ambj2200\/writeable\/dt197g\/projekt\/om-oss\/\",\"name\":\"Om oss - Lakeview Resorts\",\"isPartOf\":{\"@id\":\"https:\/\/studenter.miun.se\/~ambj2200\/writeable\/dt197g\/projekt\/#website\"},\"datePublished\":\"2023-05-11T22:15:14+00:00\",\"dateModified\":\"2023-05-12T08:47:58+00:00\",\"description\":\"Lakeview Resorts erbjuder unika och autentiska semesterupplevelser i vacker natur vid n\u00e5gra av Sveriges mest fantastiska sj\u00f6ar.\",\"breadcrumb\":{\"@id\":\"https:\/\/studenter.miun.se\/~ambj2200\/writeable\/dt197g\/projekt\/om-oss\/#breadcrumb\"},\"inLanguage\":\"sv-SE\",\"potentialAction\":[{\"@type\":\"ReadAction\",\"target\":[\"https:\/\/studenter.miun.se\/~ambj2200\/writeable\/dt197g\/projekt\/om-oss\/\"]}]},{\"@type\":\"BreadcrumbList\",\"@id\":\"https:\/\/studenter.miun.se\/~ambj2200\/writeable\/dt197g\/projekt\/om-oss\/#breadcrumb\",\"itemListElement\":[{\"@type\":\"ListItem\",\"position\":1,\"name\":\"Hem\",\"item\":\"https:\/\/studenter.miun.se\/~ambj2200\/writeable\/dt197g\/projekt\/\"},{\"@type\":\"ListItem\",\"position\":2,\"name\":\"Om oss\"}]},{\"@type\":\"WebSite\",\"@id\":\"https:\/\/studenter.miun.se\/~ambj2200\/writeable\/dt197g\/projekt\/#website\",\"url\":\"https:\/\/studenter.miun.se\/~ambj2200\/writeable\/dt197g\/projekt\/\",\"name\":\"Lakeview Resorts\",\"description\":\"\",\"publisher\":{\"@id\":\"https:\/\/studenter.miun.se\/~ambj2200\/writeable\/dt197g\/projekt\/#organization\"},\"potentialAction\":[{\"@type\":\"SearchAction\",\"target\":{\"@type\":\"EntryPoint\",\"urlTemplate\":\"https:\/\/studenter.miun.se\/~ambj2200\/writeable\/dt197g\/projekt\/?s={search_term_string}\"},\"query-input\":\"required name=search_term_string\"}],\"inLanguage\":\"sv-SE\"},{\"@type\":\"Organization\",\"@id\":\"https:\/\/studenter.miun.se\/~ambj2200\/writeable\/dt197g\/projekt\/#organization\",\"name\":\"Lakeview Resorts\",\"url\":\"https:\/\/studenter.miun.se\/~ambj2200\/writeable\/dt197g\/projekt\/\",\"logo\":{\"@type\":\"ImageObject\",\"inLanguage\":\"sv-SE\",\"@id\":\"https:\/\/studenter.miun.se\/~ambj2200\/writeable\/dt197g\/projekt\/#\/schema\/logo\/image\/\",\"url\":\"https:\/\/studenter.miun.se\/~ambj2200\/writeable\/dt197g\/projekt\/wp-content\/uploads\/2023\/05\/gro\u0308n-mellan-ikon.png\",\"contentUrl\":\"https:\/\/studenter.miun.se\/~ambj2200\/writeable\/dt197g\/projekt\/wp-content\/uploads\/2023\/05\/gro\u0308n-mellan-ikon.png\",\"width\":250,\"height\":233,\"caption\":\"Lakeview Resorts\"},\"image\":{\"@id\":\"https:\/\/studenter.miun.se\/~ambj2200\/writeable\/dt197g\/projekt\/#\/schema\/logo\/image\/\"}}]}<\/script>\n<!-- \/ Yoast SEO plugin. -->","yoast_head_json":{"title":"Om oss - Lakeview Resorts","description":"Lakeview Resorts erbjuder unika och autentiska semesterupplevelser i vacker natur vid n\u00e5gra av Sveriges mest fantastiska sj\u00f6ar.","robots":{"index":"index","follow":"follow","max-snippet":"max-snippet:-1","max-image-preview":"max-image-preview:large","max-video-preview":"max-video-preview:-1"},"canonical":"https:\/\/studenter.miun.se\/~ambj2200\/writeable\/dt197g\/projekt\/om-oss\/","og_locale":"sv_SE","og_type":"article","og_title":"Om oss - Lakeview Resorts","og_description":"Lakeview Resorts erbjuder unika och autentiska semesterupplevelser i vacker natur vid n\u00e5gra av Sveriges mest fantastiska sj\u00f6ar.","og_url":"https:\/\/studenter.miun.se\/~ambj2200\/writeable\/dt197g\/projekt\/om-oss\/","og_site_name":"Lakeview Resorts","article_modified_time":"2023-05-12T08:47:58+00:00","og_image":[{"width":1000,"height":667,"url":"https:\/\/studenter.miun.se\/~ambj2200\/writeable\/dt197g\/projekt\/wp-content\/uploads\/2023\/05\/kanot1-1.jpg","type":"image\/jpeg"}],"twitter_card":"summary_large_image","twitter_misc":{"Ber\u00e4knad l\u00e4stid":"2 minuter"},"schema":{"@context":"https:\/\/schema.org","@graph":[{"@type":"WebPage","@id":"https:\/\/studenter.miun.se\/~ambj2200\/writeable\/dt197g\/projekt\/om-oss\/","url":"https:\/\/studenter.miun.se\/~ambj2200\/writeable\/dt197g\/projekt\/om-oss\/","name":"Om oss - Lakeview Resorts","isPartOf":{"@id":"https:\/\/studenter.miun.se\/~ambj2200\/writeable\/dt197g\/projekt\/#website"},"datePublished":"2023-05-11T22:15:14+00:00","dateModified":"2023-05-12T08:47:58+00:00","description":"Lakeview Resorts erbjuder unika och autentiska semesterupplevelser i vacker natur vid n\u00e5gra av Sveriges mest fantastiska sj\u00f6ar.","breadcrumb":{"@id":"https:\/\/studenter.miun.se\/~ambj2200\/writeable\/dt197g\/projekt\/om-oss\/#breadcrumb"},"inLanguage":"sv-SE","potentialAction":[{"@type":"ReadAction","target":["https:\/\/studenter.miun.se\/~ambj2200\/writeable\/dt197g\/projekt\/om-oss\/"]}]},{"@type":"BreadcrumbList","@id":"https:\/\/studenter.miun.se\/~ambj2200\/writeable\/dt197g\/projekt\/om-oss\/#breadcrumb","itemListElement":[{"@type":"ListItem","position":1,"name":"Hem","item":"https:\/\/studenter.miun.se\/~ambj2200\/writeable\/dt197g\/projekt\/"},{"@type":"ListItem","position":2,"name":"Om oss"}]},{"@type":"WebSite","@id":"https:\/\/studenter.miun.se\/~ambj2200\/writeable\/dt197g\/projekt\/#website","url":"https:\/\/studenter.miun.se\/~ambj2200\/writeable\/dt197g\/projekt\/","name":"Lakeview Resorts","description":"","publisher":{"@id":"https:\/\/studenter.miun.se\/~ambj2200\/writeable\/dt197g\/projekt\/#organization"},"potentialAction":[{"@type":"SearchAction","target":{"@type":"EntryPoint","urlTemplate":"https:\/\/studenter.miun.se\/~ambj2200\/writeable\/dt197g\/projekt\/?s={search_term_string}"},"query-input":"required name=search_term_string"}],"inLanguage":"sv-SE"},{"@type":"Organization","@id":"https:\/\/studenter.miun.se\/~ambj2200\/writeable\/dt197g\/projekt\/#organization","name":"Lakeview Resorts","url":"https:\/\/studenter.miun.se\/~ambj2200\/writeable\/dt197g\/projekt\/","logo":{"@type":"ImageObject","inLanguage":"sv-SE","@id":"https:\/\/studenter.miun.se\/~ambj2200\/writeable\/dt197g\/projekt\/#\/schema\/logo\/image\/","url":"https:\/\/studenter.miun.se\/~ambj2200\/writeable\/dt197g\/projekt\/wp-content\/uploads\/2023\/05\/gro\u0308n-mellan-ikon.png","contentUrl":"https:\/\/studenter.miun.se\/~ambj2200\/writeable\/dt197g\/projekt\/wp-content\/uploads\/2023\/05\/gro\u0308n-mellan-ikon.png","width":250,"height":233,"caption":"Lakeview Resorts"},"image":{"@id":"https:\/\/studenter.miun.se\/~ambj2200\/writeable\/dt197g\/projekt\/#\/schema\/logo\/image\/"}}]}},"_links":{"self":[{"href":"https:\/\/studenter.miun.se\/~ambj2200\/writeable\/dt197g\/projekt\/wp-json\/wp\/v2\/pages\/63","targetHints":{"allow":["GET"]}}],"collection":[{"href":"https:\/\/studenter.miun.se\/~ambj2200\/writeable\/dt197g\/projekt\/wp-json\/wp\/v2\/pages"}],"about":[{"href":"https:\/\/studenter.miun.se\/~ambj2200\/writeable\/dt197g\/projekt\/wp-json\/wp\/v2\/types\/page"}],"author":[{"embeddable":true,"href":"https:\/\/studenter.miun.se\/~ambj2200\/writeable\/dt197g\/projekt\/wp-json\/wp\/v2\/users\/1"}],"replies":[{"embeddable":true,"href":"https:\/\/studenter.miun.se\/~ambj2200\/writeable\/dt197g\/projekt\/wp-json\/wp\/v2\/comments?post=63"}],"version-history":[{"count":5,"href":"https:\/\/studenter.miun.se\/~ambj2200\/writeable\/dt197g\/projekt\/wp-json\/wp\/v2\/pages\/63\/revisions"}],"predecessor-version":[{"id":82,"href":"https:\/\/studenter.miun.se\/~ambj2200\/writeable\/dt197g\/projekt\/wp-json\/wp\/v2\/pages\/63\/revisions\/82"}],"wp:featuredmedia":[{"embeddable":true,"href":"https:\/\/studenter.miun.se\/~ambj2200\/writeable\/dt197g\/projekt\/wp-json\/wp\/v2\/media\/19"}],"wp:attachment":[{"href":"https:\/\/studenter.miun.se\/~ambj2200\/writeable\/dt197g\/projekt\/wp-json\/wp\/v2\/media?parent=63"}],"curies":[{"name":"wp","href":"https:\/\/api.w.org\/{rel}","templated":true}]}}