{"id":300,"date":"2022-08-24T20:51:13","date_gmt":"2022-08-24T20:51:13","guid":{"rendered":"https:\/\/studenter.miun.se\/~dekj2100\/writeable\/wordpress\/?page_id=300"},"modified":"2022-08-26T12:25:31","modified_gmt":"2022-08-26T12:25:31","slug":"skidskola","status":"publish","type":"page","link":"https:\/\/studenter.miun.se\/~dekj2100\/writeable\/wordpress\/skidskola\/","title":{"rendered":"Skidskola"},"content":{"rendered":"\n<div class=\"wp-container-5 wp-block-columns\">\n<div class=\"wp-container-4 wp-block-column\">\n<div class=\"wp-container-3 wp-block-columns\">\n<div class=\"wp-container-1 wp-block-column\" style=\"flex-basis:45%\">\n<h2>Information<\/h2>\n\n\n\n<p>Varje morgon s\u00e5 b\u00f6rjar skidskolan i Val Delorans klockan 09:00 vid f\u00f6rsta liften De&#8217;la Rossa, p\u00e5 plats blir ni f\u00f6rdelade i grupper baserat p\u00e5 er egen alpina-niv\u00e5. K\u00e4nner ni er os\u00e4kra s\u00e5 kommer v\u00e5ra kunniga instrukt\u00f6rer att hj\u00e4lpa er att infinna er i en l\u00e4mplig grupp!<\/p>\n\n\n\n<div style=\"height:26px\" aria-hidden=\"true\" class=\"wp-block-spacer\"><\/div>\n\n\n\n<h2>Om skidskolan<\/h2>\n\n\n\n<p>V\u00e5ra instrukt\u00f6rer har eller har haft en aktiv karri\u00e4r inom skidsporten p\u00e5 olika niv\u00e5er med olika inriktningar. V\u00e5r ambition \u00e4r att du ska k\u00e4nna dig trygg n\u00e4r du \u00e5ker med oss och att du ska utvecklas f\u00f6r att uppn\u00e5 din potential som skid\u00e5kare. Skidskolan passar nyb\u00f6rjare i alla \u00e5ldrar.<\/p>\n\n\n\n<div style=\"height:26px\" aria-hidden=\"true\" class=\"wp-block-spacer\"><\/div>\n\n\n\n<h2>Niv\u00e5 1 &#8211; Nyb\u00f6rjare<\/h2>\n\n\n\n<p>H\u00e4r tr\u00e4nar vi p\u00e5 att komma i kontakt med sn\u00f6, att hantera liften p\u00e5 egen hand och att kunna g\u00f6ra start och stop i backen. Vi l\u00e4r oss att ploga, sv\u00e4nga och att ta p\u00e5 oss utrustningen p\u00e5 egen hand.<\/p>\n\n\n\n<div style=\"height:26px\" aria-hidden=\"true\" class=\"wp-block-spacer\"><\/div>\n\n\n\n<h2>Niv\u00e5 2 &#8211; Medel<\/h2>\n\n\n\n<p>H\u00e4r b\u00f6r man redan kunna f\u00f6ra sig i backen och kunna stanna p\u00e5 egen hand. H\u00e4r tr\u00e4nar vi ytterligare p\u00e5 att hantera v\u00e5ra skidor och utf\u00f6ra l\u00e5nga svepande sv\u00e4ngar.<\/p>\n\n\n\n<div style=\"height:26px\" aria-hidden=\"true\" class=\"wp-block-spacer\"><\/div>\n\n\n\n<h2>Niv\u00e5 3 &#8211; Skidklar<\/h2>\n\n\n\n<p>H\u00e4r tr\u00e4nar vi och finslipar tekniken, vi \u00f6var p\u00e5 sk\u00e4rande sv\u00e4ng, kort sv\u00e4ng och eventuellt att \u00e5ka i lite bana och olika typer av hopp. Denna grupp f\u00f6rbereder dig f\u00f6r att p\u00e5 ett s\u00e4kert s\u00e4tt kunna f\u00f6ra dig sj\u00e4lv i pisten och att forts\u00e4tta utvecklas p\u00e5 egen hand!<\/p>\n<\/div>\n\n\n\n<div class=\"wp-container-2 wp-block-column\" style=\"flex-basis:60.7%\">\n<h2>Anm\u00e4l dig h\u00e4r<\/h2>\n\n\n\n<div style=\"height:26px\" aria-hidden=\"true\" class=\"wp-block-spacer\"><\/div>\n\n\n\n<div class=\"wp-block-contact-form-7-contact-form-selector\"><div role=\"form\" class=\"wpcf7\" id=\"wpcf7-f319-o1\" lang=\"en-US\" dir=\"ltr\">\n<div class=\"screen-reader-response\"><p role=\"status\" aria-live=\"polite\" aria-atomic=\"true\"><\/p> <ul><\/ul><\/div>\n<form action=\"\/~dekj2100\/writeable\/wordpress\/wp-json\/wp\/v2\/pages\/300#wpcf7-f319-o1\" method=\"post\" class=\"wpcf7-form init\" novalidate=\"novalidate\" data-status=\"init\">\n<div style=\"display: none;\">\n<input type=\"hidden\" name=\"_wpcf7\" value=\"319\" \/>\n<input type=\"hidden\" name=\"_wpcf7_version\" value=\"5.6.2\" \/>\n<input type=\"hidden\" name=\"_wpcf7_locale\" value=\"en_US\" \/>\n<input type=\"hidden\" name=\"_wpcf7_unit_tag\" value=\"wpcf7-f319-o1\" \/>\n<input type=\"hidden\" name=\"_wpcf7_container_post\" value=\"0\" \/>\n<input type=\"hidden\" name=\"_wpcf7_posted_data_hash\" value=\"\" \/>\n<\/div>\n<p><label> Namn<br \/>\n    <span class=\"wpcf7-form-control-wrap\" data-name=\"your-name\"><input type=\"text\" name=\"your-name\" value=\"\" size=\"40\" class=\"wpcf7-form-control wpcf7-text wpcf7-validates-as-required\" aria-required=\"true\" aria-invalid=\"false\" \/><\/span> <\/label><\/p>\n<p><label> E-post<br \/>\n    <span class=\"wpcf7-form-control-wrap\" data-name=\"your-email\"><input type=\"email\" name=\"your-email\" value=\"\" size=\"40\" class=\"wpcf7-form-control wpcf7-text wpcf7-email wpcf7-validates-as-required wpcf7-validates-as-email\" aria-required=\"true\" aria-invalid=\"false\" \/><\/span> <\/label><\/p>\n<p><label> Telefon<br \/>\n<span class=\"wpcf7-form-control-wrap\" data-name=\"Telefon\"><input type=\"tel\" name=\"Telefon\" value=\"+46\" size=\"40\" class=\"wpcf7-form-control wpcf7-text wpcf7-tel wpcf7-validates-as-required wpcf7-validates-as-tel\" aria-required=\"true\" aria-invalid=\"false\" \/><\/span><\/label><\/p>\n<p><span class=\"wpcf7-form-control-wrap\" data-name=\"skill\"><select name=\"skill\" class=\"wpcf7-form-control wpcf7-select wpcf7-validates-as-required\" id=\"skill\" aria-required=\"true\" aria-invalid=\"false\"><option value=\"Niv\u00e5 - 1\">Niv\u00e5 - 1<\/option><option value=\"Niv\u00e5 - 2\">Niv\u00e5 - 2<\/option><option value=\"Niv\u00e5 - 3 Skidklar\">Niv\u00e5 - 3 Skidklar<\/option><option value=\"Annan - (ber\u00e4tta mer i meddelande f\u00e4ltet)\">Annan - (ber\u00e4tta mer i meddelande f\u00e4ltet)<\/option><\/select><\/span><\/p>\n<p><span class=\"wpcf7-form-control-wrap\" data-name=\"date\"><input type=\"date\" name=\"date\" value=\"\" class=\"wpcf7-form-control wpcf7-date wpcf7-validates-as-required wpcf7-validates-as-date\" id=\"date\" aria-required=\"true\" aria-invalid=\"false\" \/><\/span><\/p>\n<p><label> Meddelande*<br \/>\n    <span class=\"wpcf7-form-control-wrap\" data-name=\"your-message\"><textarea name=\"your-message\" cols=\"35\" rows=\"10\" class=\"wpcf7-form-control wpcf7-textarea wpcf7-validates-as-required form-control\" aria-required=\"true\" aria-invalid=\"false\"><\/textarea><\/span> <\/label><\/p>\n<p><span class=\"wpcf7-form-control-wrap\" data-name=\"accept\"><span class=\"wpcf7-form-control wpcf7-checkbox wpcf7-validates-as-required\" id=\"accept\"><span class=\"wpcf7-list-item first last\"><label><input type=\"checkbox\" name=\"accept[]\" value=\"Jag accepterar att Dreamlodge spar mina personuppgifter.\" \/><span class=\"wpcf7-list-item-label\">Jag accepterar att Dreamlodge spar mina personuppgifter.<\/span><\/label><\/span><\/span><\/span><\/p>\n<p><input type=\"submit\" value=\"Skicka in\" class=\"wpcf7-form-control has-spinner wpcf7-submit\" \/><\/p>\n<div class=\"wpcf7-response-output\" aria-hidden=\"true\"><\/div><\/form><\/div><\/div>\n<\/div>\n<\/div>\n<\/div>\n<\/div>\n\n\n\n<h2>Kommentarer<\/h2>\n\n\n\n<p>Tidigare kursdeltagare tycker till!<\/p>\n\n\n\n<div style=\"height:26px\" aria-hidden=\"true\" class=\"wp-block-spacer\"><\/div>\n\n\n\n<div class=\"wp-container-9 wp-block-columns\">\n<div class=\"wp-container-6 wp-block-column\">\n<hr class=\"wp-block-separator has-css-opacity is-style-default\"\/>\n\n\n\n<div style=\"height:26px\" aria-hidden=\"true\" class=\"wp-block-spacer\"><\/div>\n\n\n<div class=\"wp-block-image is-style-rounded\">\n<figure class=\"aligncenter size-full is-resized\"><img loading=\"lazy\" src=\"https:\/\/studenter.miun.se\/~dekj2100\/writeable\/wordpress\/wp-content\/uploads\/2022\/08\/skier-1.jpg\" alt=\"\" class=\"wp-image-339\" width=\"150\" height=\"150\" srcset=\"https:\/\/studenter.miun.se\/~dekj2100\/writeable\/wordpress\/wp-content\/uploads\/2022\/08\/skier-1.jpg 265w, https:\/\/studenter.miun.se\/~dekj2100\/writeable\/wordpress\/wp-content\/uploads\/2022\/08\/skier-1-150x150.jpg 150w\" sizes=\"(max-width: 150px) 100vw, 150px\" \/><\/figure><\/div>\n\n\n<blockquote class=\"wp-block-quote has-text-align-center is-style-large\"><p>&#8220;Dreamlodge skidskola tog min \u00e5kning till nya h\u00f6jder, nytt sj\u00e4lvf\u00f6rtroende!&#8221;<\/p><cite>\u2014 Johanna Wahlin, <em> Utf\u00f6rde: Niv\u00e5  &#8211; 3<\/em><\/cite><\/blockquote>\n\n\n\n<div style=\"height:26px\" aria-hidden=\"true\" class=\"wp-block-spacer\"><\/div>\n\n\n\n<hr class=\"wp-block-separator has-css-opacity is-style-default\"\/>\n<\/div>\n\n\n\n<div class=\"wp-container-7 wp-block-column\">\n<hr class=\"wp-block-separator has-css-opacity is-style-default\"\/>\n\n\n\n<div style=\"height:26px\" aria-hidden=\"true\" class=\"wp-block-spacer\"><\/div>\n\n\n<div class=\"wp-block-image is-style-rounded\">\n<figure class=\"aligncenter size-full is-resized\"><img loading=\"lazy\" src=\"https:\/\/studenter.miun.se\/~dekj2100\/writeable\/wordpress\/wp-content\/uploads\/2022\/08\/mother.jpg\" alt=\"Leende kvinna med blont h\u00e5r, solen i bakgrunden lyser upp naturen\" class=\"wp-image-342\" width=\"150\" height=\"150\" srcset=\"https:\/\/studenter.miun.se\/~dekj2100\/writeable\/wordpress\/wp-content\/uploads\/2022\/08\/mother.jpg 271w, https:\/\/studenter.miun.se\/~dekj2100\/writeable\/wordpress\/wp-content\/uploads\/2022\/08\/mother-150x150.jpg 150w\" sizes=\"(max-width: 150px) 100vw, 150px\" \/><\/figure><\/div>\n\n\n<blockquote class=\"wp-block-quote has-text-align-center is-style-large\"><p>&#8220;Mina barn var verkligen s\u00e5 n\u00f6jda efter tv\u00e5 dagar med skidskola&#8221;<\/p><cite>\u2014 Lena Hallinder, <em> Utf\u00f6rde: Niv\u00e5 &#8211; <\/em>2<\/cite><\/blockquote>\n\n\n\n<div style=\"height:26px\" aria-hidden=\"true\" class=\"wp-block-spacer\"><\/div>\n\n\n\n<hr class=\"wp-block-separator has-css-opacity is-style-default\"\/>\n<\/div>\n\n\n\n<div class=\"wp-container-8 wp-block-column\">\n<hr class=\"wp-block-separator has-css-opacity is-style-default\"\/>\n\n\n\n<div style=\"height:26px\" aria-hidden=\"true\" class=\"wp-block-spacer\"><\/div>\n\n\n<div class=\"wp-block-image is-style-rounded\">\n<figure class=\"aligncenter size-full is-resized\"><img src=\"https:\/\/studenter.miun.se\/~dekj2100\/writeable\/wordpress\/wp-content\/uploads\/2022\/08\/tomas.jpg\" alt=\"Leende man med svarta glas\u00f6gon och brunt h\u00e5r och sk\u00e4gg, ikl\u00e4dd vit huvtr\u00f6ja\" class=\"wp-image-348\" width=\"150\" srcset=\"https:\/\/studenter.miun.se\/~dekj2100\/writeable\/wordpress\/wp-content\/uploads\/2022\/08\/tomas.jpg 268w, https:\/\/studenter.miun.se\/~dekj2100\/writeable\/wordpress\/wp-content\/uploads\/2022\/08\/tomas-150x150.jpg 150w\" sizes=\"(max-width: 268px) 100vw, 268px\" \/><\/figure><\/div>\n\n\n<blockquote class=\"wp-block-quote has-text-align-center is-style-large\"><p>&#8220;Niv\u00e5 1 &#8211; var perfekt f\u00f6r mig som aldrig \u00e5kt tidigare, trevliga instrukt\u00f6rer!&#8221;<\/p><cite>\u2014 Tomas Jonsson, <em>Utf\u00f6rde: Niv\u00e5 &#8211; 1<\/em><\/cite><\/blockquote>\n\n\n\n<div style=\"height:26px\" aria-hidden=\"true\" class=\"wp-block-spacer\"><\/div>\n\n\n\n<hr class=\"wp-block-separator has-css-opacity is-style-default\"\/>\n<\/div>\n<\/div>\n","protected":false},"excerpt":{"rendered":"<p>Information Varje morgon s\u00e5 b\u00f6rjar skidskolan i Val Delorans klockan 09:00 vid f\u00f6rsta liften De&#8217;la Rossa, p\u00e5 plats blir ni f\u00f6rdelade i grupper baserat p\u00e5 er egen alpina-niv\u00e5. K\u00e4nner ni er os\u00e4kra s\u00e5 kommer v\u00e5ra kunniga instrukt\u00f6rer att hj\u00e4lpa er att infinna er i en l\u00e4mplig grupp! Om skidskolan V\u00e5ra instrukt\u00f6rer har eller har haft [&hellip;]<\/p>\n","protected":false},"author":1,"featured_media":0,"parent":0,"menu_order":0,"comment_status":"closed","ping_status":"closed","template":"template-empty-bg-gray.php","meta":[],"_links":{"self":[{"href":"https:\/\/studenter.miun.se\/~dekj2100\/writeable\/wordpress\/wp-json\/wp\/v2\/pages\/300"}],"collection":[{"href":"https:\/\/studenter.miun.se\/~dekj2100\/writeable\/wordpress\/wp-json\/wp\/v2\/pages"}],"about":[{"href":"https:\/\/studenter.miun.se\/~dekj2100\/writeable\/wordpress\/wp-json\/wp\/v2\/types\/page"}],"author":[{"embeddable":true,"href":"https:\/\/studenter.miun.se\/~dekj2100\/writeable\/wordpress\/wp-json\/wp\/v2\/users\/1"}],"replies":[{"embeddable":true,"href":"https:\/\/studenter.miun.se\/~dekj2100\/writeable\/wordpress\/wp-json\/wp\/v2\/comments?post=300"}],"version-history":[{"count":31,"href":"https:\/\/studenter.miun.se\/~dekj2100\/writeable\/wordpress\/wp-json\/wp\/v2\/pages\/300\/revisions"}],"predecessor-version":[{"id":349,"href":"https:\/\/studenter.miun.se\/~dekj2100\/writeable\/wordpress\/wp-json\/wp\/v2\/pages\/300\/revisions\/349"}],"wp:attachment":[{"href":"https:\/\/studenter.miun.se\/~dekj2100\/writeable\/wordpress\/wp-json\/wp\/v2\/media?parent=300"}],"curies":[{"name":"wp","href":"https:\/\/api.w.org\/{rel}","templated":true}]}}