{"id":55,"date":"2022-08-20T18:57:22","date_gmt":"2022-08-20T18:57:22","guid":{"rendered":"https:\/\/studenter.miun.se\/~dekj2100\/writeable\/wordpress\/?page_id=55"},"modified":"2022-08-31T07:41:44","modified_gmt":"2022-08-31T07:41:44","slug":"kontakt","status":"publish","type":"page","link":"https:\/\/studenter.miun.se\/~dekj2100\/writeable\/wordpress\/kontakt\/","title":{"rendered":"Kontakta oss"},"content":{"rendered":"\n<div class=\"wp-container-3 wp-block-columns\">\n<div class=\"wp-container-1 wp-block-column\">\n<h2>Information<\/h2>\n\n\n\n<p><strong>P\u00e5 denna sida hittar du information om du beh\u00f6ver komma i kontakt med oss. Du \u00e4r alltid v\u00e4lkommen att skicka ett meddelande via formul\u00e4ret. Vi svarar inom 24 timmar.<\/strong>&nbsp;<strong>F\u00f6r br\u00e5dskande \u00e4renden v\u00e4nligen ring oss.<\/strong><\/p>\n\n\n\n<div style=\"height:19px\" aria-hidden=\"true\" class=\"wp-block-spacer\"><\/div>\n\n\n\n<hr class=\"wp-block-separator has-alpha-channel-opacity\"\/>\n\n\n\n<div style=\"height:19px\" aria-hidden=\"true\" class=\"wp-block-spacer\"><\/div>\n\n\n\n<h2>Telefon<\/h2>\n\n\n\n<p>123-456789<\/p>\n\n\n\n<div style=\"height:19px\" aria-hidden=\"true\" class=\"wp-block-spacer\"><\/div>\n\n\n\n<h2>\u00d6ppetider<\/h2>\n\n\n\n<p>M\u00e5ndag: 10:00 \u2013 18:00<\/p>\n\n\n\n<p>Tisdag: 10:00 \u2013 18:00<\/p>\n\n\n\n<p>Onsdag: 10:00 \u2013 18:00<\/p>\n\n\n\n<p>Torsdag: 10:00 \u2013 18:00<\/p>\n\n\n\n<p>Fredag: 10:00 \u2013 16:00<\/p>\n\n\n\n<p>L\u00f6rdag: 12:00 \u2013 14:00<\/p>\n\n\n\n<p>S\u00f6ndag: 12:00 \u2013 14:00<\/p>\n\n\n\n<div style=\"height:19px\" aria-hidden=\"true\" class=\"wp-block-spacer\"><\/div>\n\n\n\n<p><a href=\"mailto:someone@example.com\">info@dreamlodge.se<\/a><\/p>\n\n\n<div class=\"wp-block-image is-style-rounded\">\n<figure class=\"alignleft size-full is-resized\"><img loading=\"lazy\" src=\"https:\/\/studenter.miun.se\/~dekj2100\/writeable\/wordpress\/wp-content\/uploads\/2022\/08\/logo.png\" alt=\"Dreamlodge kontakt\" class=\"wp-image-213\" width=\"250\" height=\"250\" srcset=\"https:\/\/studenter.miun.se\/~dekj2100\/writeable\/wordpress\/wp-content\/uploads\/2022\/08\/logo.png 500w, https:\/\/studenter.miun.se\/~dekj2100\/writeable\/wordpress\/wp-content\/uploads\/2022\/08\/logo-300x300.png 300w, https:\/\/studenter.miun.se\/~dekj2100\/writeable\/wordpress\/wp-content\/uploads\/2022\/08\/logo-150x150.png 150w, https:\/\/studenter.miun.se\/~dekj2100\/writeable\/wordpress\/wp-content\/uploads\/2022\/08\/logo-400x400.png 400w\" sizes=\"(max-width: 250px) 100vw, 250px\" \/><\/figure><\/div><\/div>\n\n\n\n<div class=\"wp-container-2 wp-block-column\">\n<h2>St\u00e4ll din fr\u00e5ga<\/h2>\n\n\n\n<div style=\"height:19px\" aria-hidden=\"true\" class=\"wp-block-spacer\"><\/div>\n\n\n\n<div style=\"height:19px\" aria-hidden=\"true\" class=\"wp-block-spacer\"><\/div>\n\n\n\n<div class=\"wp-block-contact-form-7-contact-form-selector\"><div role=\"form\" class=\"wpcf7\" id=\"wpcf7-f42-o1\" lang=\"en-US\" dir=\"ltr\">\n<div class=\"screen-reader-response\"><p role=\"status\" aria-live=\"polite\" aria-atomic=\"true\"><\/p> <ul><\/ul><\/div>\n<form action=\"\/~dekj2100\/writeable\/wordpress\/wp-json\/wp\/v2\/pages\/55#wpcf7-f42-o1\" method=\"post\" class=\"wpcf7-form init\" novalidate=\"novalidate\" data-status=\"init\">\n<div style=\"display: none;\">\n<input type=\"hidden\" name=\"_wpcf7\" value=\"42\" \/>\n<input type=\"hidden\" name=\"_wpcf7_version\" value=\"5.6.2\" \/>\n<input type=\"hidden\" name=\"_wpcf7_locale\" value=\"en_US\" \/>\n<input type=\"hidden\" name=\"_wpcf7_unit_tag\" value=\"wpcf7-f42-o1\" \/>\n<input type=\"hidden\" name=\"_wpcf7_container_post\" value=\"0\" \/>\n<input type=\"hidden\" name=\"_wpcf7_posted_data_hash\" value=\"\" \/>\n<\/div>\n<p><label> Namn*<br \/>\n    <span class=\"wpcf7-form-control-wrap\" data-name=\"your-name\"><input type=\"text\" name=\"your-name\" value=\"\" size=\"40\" class=\"wpcf7-form-control wpcf7-text wpcf7-validates-as-required\" aria-required=\"true\" aria-invalid=\"false\" \/><\/span> <\/label><\/p>\n<p><label> E-post*<br \/>\n    <span class=\"wpcf7-form-control-wrap\" data-name=\"your-email\"><input type=\"email\" name=\"your-email\" value=\"\" size=\"40\" class=\"wpcf7-form-control wpcf7-text wpcf7-email wpcf7-validates-as-required wpcf7-validates-as-email\" aria-required=\"true\" aria-invalid=\"false\" \/><\/span> <\/label><\/p>\n<p><label> \u00c4mne*<br \/>\n    <span class=\"wpcf7-form-control-wrap\" data-name=\"your-subject\"><input type=\"text\" name=\"your-subject\" value=\"\" size=\"40\" class=\"wpcf7-form-control wpcf7-text wpcf7-validates-as-required\" aria-required=\"true\" aria-invalid=\"false\" \/><\/span> <\/label><\/p>\n<p><label> Meddelande*<br \/>\n    <span class=\"wpcf7-form-control-wrap\" data-name=\"your-message\"><textarea name=\"your-message\" cols=\"35\" rows=\"10\" class=\"wpcf7-form-control wpcf7-textarea wpcf7-validates-as-required form-control\" aria-required=\"true\" aria-invalid=\"false\"><\/textarea><\/span> <\/label><\/p>\n<p><span class=\"wpcf7-form-control-wrap\" data-name=\"accept\"><span class=\"wpcf7-form-control wpcf7-checkbox wpcf7-validates-as-required\" id=\"accept\"><span class=\"wpcf7-list-item first last\"><label><input type=\"checkbox\" name=\"accept[]\" value=\"Jag accepterar att Dreamlodge spar mina personuppgifter.\" \/><span class=\"wpcf7-list-item-label\">Jag accepterar att Dreamlodge spar mina personuppgifter.<\/span><\/label><\/span><\/span><\/span><\/p>\n<p><input type=\"submit\" value=\"Skicka\" class=\"wpcf7-form-control has-spinner wpcf7-submit\" \/><\/p>\n<div class=\"wpcf7-response-output\" aria-hidden=\"true\"><\/div><\/form><\/div><\/div>\n<\/div>\n<\/div>\n\n\n\n<div class=\"wp-container-5 wp-block-columns\">\n<div class=\"wp-container-4 wp-block-column\"><form role=\"search\" method=\"get\" action=\"https:\/\/studenter.miun.se\/~dekj2100\/writeable\/wordpress\/\" class=\"wp-block-search__button-outside wp-block-search__text-button wp-block-search\"><label for=\"wp-block-search__input-1\" class=\"wp-block-search__label\">S\u00f6ker du efter n\u00e5got?<\/label><div class=\"wp-block-search__inside-wrapper \"  style=\"width: 50%\"><input type=\"search\" id=\"wp-block-search__input-1\" class=\"wp-block-search__input \" name=\"s\" value=\"\" placeholder=\"Ex.. boende\"  required \/><button type=\"submit\" class=\"wp-block-search__button  \"  >S\u00f6k<\/button><\/div><\/form><\/div>\n<\/div>\n","protected":false},"excerpt":{"rendered":"<p>Information P\u00e5 denna sida hittar du information om du beh\u00f6ver komma i kontakt med oss. Du \u00e4r alltid v\u00e4lkommen att skicka ett meddelande via formul\u00e4ret. Vi svarar inom 24 timmar.&nbsp;F\u00f6r br\u00e5dskande \u00e4renden v\u00e4nligen ring oss. Telefon 123-456789 \u00d6ppetider M\u00e5ndag: 10:00 \u2013 18:00 Tisdag: 10:00 \u2013 18:00 Onsdag: 10:00 \u2013 18:00 Torsdag: 10:00 \u2013 18:00 Fredag: [&hellip;]<\/p>\n","protected":false},"author":1,"featured_media":0,"parent":0,"menu_order":0,"comment_status":"closed","ping_status":"closed","template":"template-hero-standard-title-custom-bg-gray.php","meta":[],"_links":{"self":[{"href":"https:\/\/studenter.miun.se\/~dekj2100\/writeable\/wordpress\/wp-json\/wp\/v2\/pages\/55"}],"collection":[{"href":"https:\/\/studenter.miun.se\/~dekj2100\/writeable\/wordpress\/wp-json\/wp\/v2\/pages"}],"about":[{"href":"https:\/\/studenter.miun.se\/~dekj2100\/writeable\/wordpress\/wp-json\/wp\/v2\/types\/page"}],"author":[{"embeddable":true,"href":"https:\/\/studenter.miun.se\/~dekj2100\/writeable\/wordpress\/wp-json\/wp\/v2\/users\/1"}],"replies":[{"embeddable":true,"href":"https:\/\/studenter.miun.se\/~dekj2100\/writeable\/wordpress\/wp-json\/wp\/v2\/comments?post=55"}],"version-history":[{"count":24,"href":"https:\/\/studenter.miun.se\/~dekj2100\/writeable\/wordpress\/wp-json\/wp\/v2\/pages\/55\/revisions"}],"predecessor-version":[{"id":534,"href":"https:\/\/studenter.miun.se\/~dekj2100\/writeable\/wordpress\/wp-json\/wp\/v2\/pages\/55\/revisions\/534"}],"wp:attachment":[{"href":"https:\/\/studenter.miun.se\/~dekj2100\/writeable\/wordpress\/wp-json\/wp\/v2\/media?parent=55"}],"curies":[{"name":"wp","href":"https:\/\/api.w.org\/{rel}","templated":true}]}}