{"id":24,"date":"2022-10-29T08:31:17","date_gmt":"2022-10-29T06:31:17","guid":{"rendered":"https:\/\/studenter.miun.se\/~pibo1900\/writeable\/dt197g\/Solsk%C3%A4rStugor\/?page_id=24"},"modified":"2022-10-29T18:24:15","modified_gmt":"2022-10-29T16:24:15","slug":"bo-hos-oss","status":"publish","type":"page","link":"https:\/\/studenter.miun.se\/~pibo1900\/writeable\/dt197g\/Solsk%C3%A4rStugor\/bo-hos-oss\/","title":{"rendered":"V\u00e5ra stugor"},"content":{"rendered":"\n<p>Uppt\u00e4ck v\u00e5ra fantastiskt fina sk\u00e4rg\u00e5rdsstugor p\u00e5 Solsk\u00e4r. Vi har idag 12 stugor i varierande storlek, allt ifr\u00e5n den minsta, Karveboden, som \u00e4r perfekt f\u00f6r det ensamma k\u00e4rleksparet, till stora Solhuset som passar er som har en riktigt stor familj.<\/p>\n\n\n\n<p>Alla stugor f\u00f6r uthyrning ligger i Solbyn. H\u00e4r har ni n\u00e4ra tillg\u00e5ng till en mindre matbutik och dagligvaruhandel, en godiskiosk som drivs av familjen J\u00f6nsson tv\u00e5 d\u00f6ttrar Lotta och Erika, samt restaurangen Salta S\u00e4len d\u00e4r du kan fika och \u00e4ta klassisk svensk husmanskost p\u00e5 exklusivt vis.<\/p>\n\n\n\n<p>T\u00e4nk p\u00e5: N\u00e4r du bokar en stuga hos oss kan du r\u00e4kna med att vi tillhandah\u00e5ller den f\u00f6rv\u00e4ntade utrustningen i ett hush\u00e5ll, s\u00e5som matlagningsredskap, serviser, handdukar och badlakan, s\u00e4ngkl\u00e4der, med mera. Har du n\u00e5gra specifika \u00f6nskem\u00e5l eller funderingar, <em><a href=\"https:\/\/studenter.miun.se\/~pibo1900\/writeable\/dt197g\/Solsk%C3%A4rStugor\/kontakt\/\" data-type=\"page\" data-id=\"30\">kontakta oss<\/a><\/em> s\u00e5 l\u00f6ser vi det.<\/p>\n\n\n\n<p><em>Vi h\u00e5ller under sommaren p\u00e5 att rusta upp ytterligare tv\u00e5 stugor som vi hoppas kunna erbjuda er g\u00e4ster till sommaren 2024.<\/em><\/p>\n","protected":false},"excerpt":{"rendered":"<p>Uppt\u00e4ck v\u00e5ra fantastiskt fina sk\u00e4rg\u00e5rdsstugor p\u00e5 Solsk\u00e4r. Vi har idag 12 stugor i varierande storlek, allt ifr\u00e5n den minsta, Karveboden, som \u00e4r perfekt f\u00f6r det ensamma k\u00e4rleksparet, till stora Solhuset som passar er som har en riktigt stor familj. Alla stugor f\u00f6r uthyrning ligger i Solbyn. H\u00e4r har ni n\u00e4ra tillg\u00e5ng till en mindre matbutik [&hellip;]<\/p>\n","protected":false},"author":1,"featured_media":64,"parent":0,"menu_order":0,"comment_status":"closed","ping_status":"closed","template":"","meta":[],"yoast_head":"<!-- This site is optimized with the Yoast SEO plugin v19.9 - https:\/\/yoast.com\/wordpress\/plugins\/seo\/ -->\n<title>V\u00e5ra stugor - Solsk\u00e4r Stugor<\/title>\n<meta name=\"description\" content=\"Boka en stuga till din semester p\u00e5 Solsk\u00e4r. Vi har m\u00e5nga olika stugor som passar m\u00e5nga olika typer av s\u00e4llskap. Priser fr\u00e5n 500 kr\/natt.\" \/>\n<meta name=\"robots\" content=\"index, follow, max-snippet:-1, max-image-preview:large, max-video-preview:-1\" \/>\n<link rel=\"canonical\" href=\"https:\/\/studenter.miun.se\/~pibo1900\/writeable\/dt197g\/Solsk\u00e4rStugor\/bo-hos-oss\/\" \/>\n<meta property=\"og:locale\" content=\"en_US\" \/>\n<meta property=\"og:type\" content=\"article\" \/>\n<meta property=\"og:title\" content=\"V\u00e5ra stugor - Solsk\u00e4r Stugor\" \/>\n<meta property=\"og:description\" content=\"Boka en stuga till din semester p\u00e5 Solsk\u00e4r. Vi har m\u00e5nga olika stugor som passar m\u00e5nga olika typer av s\u00e4llskap. Priser fr\u00e5n 500 kr\/natt.\" \/>\n<meta property=\"og:url\" content=\"https:\/\/studenter.miun.se\/~pibo1900\/writeable\/dt197g\/Solsk\u00e4rStugor\/bo-hos-oss\/\" \/>\n<meta property=\"og:site_name\" content=\"Solsk\u00e4r Stugor\" \/>\n<meta property=\"article:modified_time\" content=\"2022-10-29T16:24:15+00:00\" \/>\n<meta property=\"og:image\" content=\"https:\/\/studenter.miun.se\/~pibo1900\/writeable\/dt197g\/Solsk%C3%A4rStugor\/wp-content\/uploads\/2022\/10\/bo-hos-oss.jpg\" \/>\n\t<meta property=\"og:image:width\" content=\"1291\" \/>\n\t<meta property=\"og:image:height\" content=\"861\" \/>\n\t<meta property=\"og:image:type\" content=\"image\/jpeg\" \/>\n<meta name=\"twitter:card\" content=\"summary_large_image\" \/>\n<meta name=\"twitter:label1\" content=\"Est. reading time\" \/>\n\t<meta name=\"twitter:data1\" content=\"1 minute\" \/>\n<script type=\"application\/ld+json\" class=\"yoast-schema-graph\">{\"@context\":\"https:\/\/schema.org\",\"@graph\":[{\"@type\":\"WebPage\",\"@id\":\"https:\/\/studenter.miun.se\/~pibo1900\/writeable\/dt197g\/Solsk%C3%A4rStugor\/bo-hos-oss\/\",\"url\":\"https:\/\/studenter.miun.se\/~pibo1900\/writeable\/dt197g\/Solsk%C3%A4rStugor\/bo-hos-oss\/\",\"name\":\"V\u00e5ra stugor - Solsk\u00e4r Stugor\",\"isPartOf\":{\"@id\":\"https:\/\/studenter.miun.se\/~pibo1900\/writeable\/dt197g\/Solsk%C3%A4rStugor\/#website\"},\"datePublished\":\"2022-10-29T06:31:17+00:00\",\"dateModified\":\"2022-10-29T16:24:15+00:00\",\"description\":\"Boka en stuga till din semester p\u00e5 Solsk\u00e4r. Vi har m\u00e5nga olika stugor som passar m\u00e5nga olika typer av s\u00e4llskap. Priser fr\u00e5n 500 kr\/natt.\",\"breadcrumb\":{\"@id\":\"https:\/\/studenter.miun.se\/~pibo1900\/writeable\/dt197g\/Solsk%C3%A4rStugor\/bo-hos-oss\/#breadcrumb\"},\"inLanguage\":\"en-US\",\"potentialAction\":[{\"@type\":\"ReadAction\",\"target\":[\"https:\/\/studenter.miun.se\/~pibo1900\/writeable\/dt197g\/Solsk%C3%A4rStugor\/bo-hos-oss\/\"]}]},{\"@type\":\"BreadcrumbList\",\"@id\":\"https:\/\/studenter.miun.se\/~pibo1900\/writeable\/dt197g\/Solsk%C3%A4rStugor\/bo-hos-oss\/#breadcrumb\",\"itemListElement\":[{\"@type\":\"ListItem\",\"position\":1,\"name\":\"Home\",\"item\":\"https:\/\/studenter.miun.se\/~pibo1900\/writeable\/dt197g\/Solsk%C3%A4rStugor\/\"},{\"@type\":\"ListItem\",\"position\":2,\"name\":\"V\u00e5ra stugor\"}]},{\"@type\":\"WebSite\",\"@id\":\"https:\/\/studenter.miun.se\/~pibo1900\/writeable\/dt197g\/Solsk%C3%A4rStugor\/#website\",\"url\":\"https:\/\/studenter.miun.se\/~pibo1900\/writeable\/dt197g\/Solsk%C3%A4rStugor\/\",\"name\":\"Solsk\u00e4r Stugor\",\"description\":\"Upplev den svenska sk\u00e4rg\u00e5rden\",\"publisher\":{\"@id\":\"https:\/\/studenter.miun.se\/~pibo1900\/writeable\/dt197g\/Solsk%C3%A4rStugor\/#organization\"},\"potentialAction\":[{\"@type\":\"SearchAction\",\"target\":{\"@type\":\"EntryPoint\",\"urlTemplate\":\"https:\/\/studenter.miun.se\/~pibo1900\/writeable\/dt197g\/Solsk%C3%A4rStugor\/?s={search_term_string}\"},\"query-input\":\"required name=search_term_string\"}],\"inLanguage\":\"en-US\"},{\"@type\":\"Organization\",\"@id\":\"https:\/\/studenter.miun.se\/~pibo1900\/writeable\/dt197g\/Solsk%C3%A4rStugor\/#organization\",\"name\":\"Solsk\u00e4r Stugor\",\"url\":\"https:\/\/studenter.miun.se\/~pibo1900\/writeable\/dt197g\/Solsk%C3%A4rStugor\/\",\"logo\":{\"@type\":\"ImageObject\",\"inLanguage\":\"en-US\",\"@id\":\"https:\/\/studenter.miun.se\/~pibo1900\/writeable\/dt197g\/Solsk%C3%A4rStugor\/#\/schema\/logo\/image\/\",\"url\":\"https:\/\/studenter.miun.se\/~pibo1900\/writeable\/dt197g\/Solsk%C3%A4rStugor\/wp-content\/uploads\/2022\/10\/Logo.png\",\"contentUrl\":\"https:\/\/studenter.miun.se\/~pibo1900\/writeable\/dt197g\/Solsk%C3%A4rStugor\/wp-content\/uploads\/2022\/10\/Logo.png\",\"width\":367,\"height\":225,\"caption\":\"Solsk\u00e4r Stugor\"},\"image\":{\"@id\":\"https:\/\/studenter.miun.se\/~pibo1900\/writeable\/dt197g\/Solsk%C3%A4rStugor\/#\/schema\/logo\/image\/\"}}]}<\/script>\n<!-- \/ Yoast SEO plugin. -->","yoast_head_json":{"title":"V\u00e5ra stugor - Solsk\u00e4r Stugor","description":"Boka en stuga till din semester p\u00e5 Solsk\u00e4r. Vi har m\u00e5nga olika stugor som passar m\u00e5nga olika typer av s\u00e4llskap. Priser fr\u00e5n 500 kr\/natt.","robots":{"index":"index","follow":"follow","max-snippet":"max-snippet:-1","max-image-preview":"max-image-preview:large","max-video-preview":"max-video-preview:-1"},"canonical":"https:\/\/studenter.miun.se\/~pibo1900\/writeable\/dt197g\/Solsk\u00e4rStugor\/bo-hos-oss\/","og_locale":"en_US","og_type":"article","og_title":"V\u00e5ra stugor - Solsk\u00e4r Stugor","og_description":"Boka en stuga till din semester p\u00e5 Solsk\u00e4r. Vi har m\u00e5nga olika stugor som passar m\u00e5nga olika typer av s\u00e4llskap. Priser fr\u00e5n 500 kr\/natt.","og_url":"https:\/\/studenter.miun.se\/~pibo1900\/writeable\/dt197g\/Solsk\u00e4rStugor\/bo-hos-oss\/","og_site_name":"Solsk\u00e4r Stugor","article_modified_time":"2022-10-29T16:24:15+00:00","og_image":[{"width":1291,"height":861,"url":"https:\/\/studenter.miun.se\/~pibo1900\/writeable\/dt197g\/Solsk%C3%A4rStugor\/wp-content\/uploads\/2022\/10\/bo-hos-oss.jpg","type":"image\/jpeg"}],"twitter_card":"summary_large_image","twitter_misc":{"Est. reading time":"1 minute"},"schema":{"@context":"https:\/\/schema.org","@graph":[{"@type":"WebPage","@id":"https:\/\/studenter.miun.se\/~pibo1900\/writeable\/dt197g\/Solsk%C3%A4rStugor\/bo-hos-oss\/","url":"https:\/\/studenter.miun.se\/~pibo1900\/writeable\/dt197g\/Solsk%C3%A4rStugor\/bo-hos-oss\/","name":"V\u00e5ra stugor - Solsk\u00e4r Stugor","isPartOf":{"@id":"https:\/\/studenter.miun.se\/~pibo1900\/writeable\/dt197g\/Solsk%C3%A4rStugor\/#website"},"datePublished":"2022-10-29T06:31:17+00:00","dateModified":"2022-10-29T16:24:15+00:00","description":"Boka en stuga till din semester p\u00e5 Solsk\u00e4r. Vi har m\u00e5nga olika stugor som passar m\u00e5nga olika typer av s\u00e4llskap. Priser fr\u00e5n 500 kr\/natt.","breadcrumb":{"@id":"https:\/\/studenter.miun.se\/~pibo1900\/writeable\/dt197g\/Solsk%C3%A4rStugor\/bo-hos-oss\/#breadcrumb"},"inLanguage":"en-US","potentialAction":[{"@type":"ReadAction","target":["https:\/\/studenter.miun.se\/~pibo1900\/writeable\/dt197g\/Solsk%C3%A4rStugor\/bo-hos-oss\/"]}]},{"@type":"BreadcrumbList","@id":"https:\/\/studenter.miun.se\/~pibo1900\/writeable\/dt197g\/Solsk%C3%A4rStugor\/bo-hos-oss\/#breadcrumb","itemListElement":[{"@type":"ListItem","position":1,"name":"Home","item":"https:\/\/studenter.miun.se\/~pibo1900\/writeable\/dt197g\/Solsk%C3%A4rStugor\/"},{"@type":"ListItem","position":2,"name":"V\u00e5ra stugor"}]},{"@type":"WebSite","@id":"https:\/\/studenter.miun.se\/~pibo1900\/writeable\/dt197g\/Solsk%C3%A4rStugor\/#website","url":"https:\/\/studenter.miun.se\/~pibo1900\/writeable\/dt197g\/Solsk%C3%A4rStugor\/","name":"Solsk\u00e4r Stugor","description":"Upplev den svenska sk\u00e4rg\u00e5rden","publisher":{"@id":"https:\/\/studenter.miun.se\/~pibo1900\/writeable\/dt197g\/Solsk%C3%A4rStugor\/#organization"},"potentialAction":[{"@type":"SearchAction","target":{"@type":"EntryPoint","urlTemplate":"https:\/\/studenter.miun.se\/~pibo1900\/writeable\/dt197g\/Solsk%C3%A4rStugor\/?s={search_term_string}"},"query-input":"required name=search_term_string"}],"inLanguage":"en-US"},{"@type":"Organization","@id":"https:\/\/studenter.miun.se\/~pibo1900\/writeable\/dt197g\/Solsk%C3%A4rStugor\/#organization","name":"Solsk\u00e4r Stugor","url":"https:\/\/studenter.miun.se\/~pibo1900\/writeable\/dt197g\/Solsk%C3%A4rStugor\/","logo":{"@type":"ImageObject","inLanguage":"en-US","@id":"https:\/\/studenter.miun.se\/~pibo1900\/writeable\/dt197g\/Solsk%C3%A4rStugor\/#\/schema\/logo\/image\/","url":"https:\/\/studenter.miun.se\/~pibo1900\/writeable\/dt197g\/Solsk%C3%A4rStugor\/wp-content\/uploads\/2022\/10\/Logo.png","contentUrl":"https:\/\/studenter.miun.se\/~pibo1900\/writeable\/dt197g\/Solsk%C3%A4rStugor\/wp-content\/uploads\/2022\/10\/Logo.png","width":367,"height":225,"caption":"Solsk\u00e4r Stugor"},"image":{"@id":"https:\/\/studenter.miun.se\/~pibo1900\/writeable\/dt197g\/Solsk%C3%A4rStugor\/#\/schema\/logo\/image\/"}}]}},"_links":{"self":[{"href":"https:\/\/studenter.miun.se\/~pibo1900\/writeable\/dt197g\/Solsk%C3%A4rStugor\/wp-json\/wp\/v2\/pages\/24"}],"collection":[{"href":"https:\/\/studenter.miun.se\/~pibo1900\/writeable\/dt197g\/Solsk%C3%A4rStugor\/wp-json\/wp\/v2\/pages"}],"about":[{"href":"https:\/\/studenter.miun.se\/~pibo1900\/writeable\/dt197g\/Solsk%C3%A4rStugor\/wp-json\/wp\/v2\/types\/page"}],"author":[{"embeddable":true,"href":"https:\/\/studenter.miun.se\/~pibo1900\/writeable\/dt197g\/Solsk%C3%A4rStugor\/wp-json\/wp\/v2\/users\/1"}],"replies":[{"embeddable":true,"href":"https:\/\/studenter.miun.se\/~pibo1900\/writeable\/dt197g\/Solsk%C3%A4rStugor\/wp-json\/wp\/v2\/comments?post=24"}],"version-history":[{"count":3,"href":"https:\/\/studenter.miun.se\/~pibo1900\/writeable\/dt197g\/Solsk%C3%A4rStugor\/wp-json\/wp\/v2\/pages\/24\/revisions"}],"predecessor-version":[{"id":127,"href":"https:\/\/studenter.miun.se\/~pibo1900\/writeable\/dt197g\/Solsk%C3%A4rStugor\/wp-json\/wp\/v2\/pages\/24\/revisions\/127"}],"wp:featuredmedia":[{"embeddable":true,"href":"https:\/\/studenter.miun.se\/~pibo1900\/writeable\/dt197g\/Solsk%C3%A4rStugor\/wp-json\/wp\/v2\/media\/64"}],"wp:attachment":[{"href":"https:\/\/studenter.miun.se\/~pibo1900\/writeable\/dt197g\/Solsk%C3%A4rStugor\/wp-json\/wp\/v2\/media?parent=24"}],"curies":[{"name":"wp","href":"https:\/\/api.w.org\/{rel}","templated":true}]}}