{"id":28,"date":"2022-10-29T08:32:26","date_gmt":"2022-10-29T06:32:26","guid":{"rendered":"https:\/\/studenter.miun.se\/~pibo1900\/writeable\/dt197g\/Solsk%C3%A4rStugor\/?page_id=28"},"modified":"2022-10-29T18:30:29","modified_gmt":"2022-10-29T16:30:29","slug":"om-oss","status":"publish","type":"page","link":"https:\/\/studenter.miun.se\/~pibo1900\/writeable\/dt197g\/Solsk%C3%A4rStugor\/om-oss\/","title":{"rendered":"Om oss"},"content":{"rendered":"\n<p>Solsk\u00e4r stugor \u00e4r en familjedriven stugby som har funnits i \u00f6ver 30 \u00e5r. Det b\u00f6rjade med Karin och Kenneth Sandstr\u00f6m som hyrde ut stugan p\u00e5 sin tomt, och sedan dess har det v\u00e4xt till en verksamhet med \u00e5tta anst\u00e4llda och 12 stugor (med ytterligare tv\u00e5 stugor till sommaren 2024). Vi har ett n\u00e4ra samarbete med alla v\u00e5ra grannar, och framf\u00f6rallt med familjen J\u00f6nsson som erbjuder sina guidade ridturer till alla v\u00e5ra g\u00e4ster.<\/p>\n","protected":false},"excerpt":{"rendered":"<p>Solsk\u00e4r stugor \u00e4r en familjedriven stugby som har funnits i \u00f6ver 30 \u00e5r. Det b\u00f6rjade med Karin och Kenneth Sandstr\u00f6m som hyrde ut stugan p\u00e5 sin tomt, och sedan dess har det v\u00e4xt till en verksamhet med \u00e5tta anst\u00e4llda och 12 stugor (med ytterligare tv\u00e5 stugor till sommaren 2024). Vi har ett n\u00e4ra samarbete med [&hellip;]<\/p>\n","protected":false},"author":1,"featured_media":63,"parent":0,"menu_order":0,"comment_status":"closed","ping_status":"closed","template":"","meta":[],"yoast_head":"<!-- This site is optimized with the Yoast SEO plugin v19.9 - https:\/\/yoast.com\/wordpress\/plugins\/seo\/ -->\n<title>Om oss - Solsk\u00e4r Stugor<\/title>\n<meta name=\"description\" content=\"L\u00e4s om grundarna till Solsk\u00e4r Stugor - den familjedrivna stugbyn d\u00e4r du kan hyra din sommarstuga f\u00f6r semestern.\" \/>\n<meta name=\"robots\" content=\"index, follow, max-snippet:-1, max-image-preview:large, max-video-preview:-1\" \/>\n<link rel=\"canonical\" href=\"https:\/\/studenter.miun.se\/~pibo1900\/writeable\/dt197g\/Solsk\u00e4rStugor\/om-oss\/\" \/>\n<meta property=\"og:locale\" content=\"en_US\" \/>\n<meta property=\"og:type\" content=\"article\" \/>\n<meta property=\"og:title\" content=\"Om oss - Solsk\u00e4r Stugor\" \/>\n<meta property=\"og:description\" content=\"L\u00e4s om grundarna till Solsk\u00e4r Stugor - den familjedrivna stugbyn d\u00e4r du kan hyra din sommarstuga f\u00f6r semestern.\" \/>\n<meta property=\"og:url\" content=\"https:\/\/studenter.miun.se\/~pibo1900\/writeable\/dt197g\/Solsk\u00e4rStugor\/om-oss\/\" \/>\n<meta property=\"og:site_name\" content=\"Solsk\u00e4r Stugor\" \/>\n<meta property=\"article:modified_time\" content=\"2022-10-29T16:30:29+00:00\" \/>\n<meta property=\"og:image\" content=\"https:\/\/studenter.miun.se\/~pibo1900\/writeable\/dt197g\/Solsk%C3%A4rStugor\/wp-content\/uploads\/2022\/10\/om-oss.jpg\" \/>\n\t<meta property=\"og:image:width\" content=\"1291\" \/>\n\t<meta property=\"og:image:height\" content=\"807\" \/>\n\t<meta property=\"og:image:type\" content=\"image\/jpeg\" \/>\n<meta name=\"twitter:card\" content=\"summary_large_image\" \/>\n<meta name=\"twitter:label1\" content=\"Est. reading time\" \/>\n\t<meta name=\"twitter:data1\" content=\"1 minute\" \/>\n<script type=\"application\/ld+json\" class=\"yoast-schema-graph\">{\"@context\":\"https:\/\/schema.org\",\"@graph\":[{\"@type\":\"WebPage\",\"@id\":\"https:\/\/studenter.miun.se\/~pibo1900\/writeable\/dt197g\/Solsk%C3%A4rStugor\/om-oss\/\",\"url\":\"https:\/\/studenter.miun.se\/~pibo1900\/writeable\/dt197g\/Solsk%C3%A4rStugor\/om-oss\/\",\"name\":\"Om oss - Solsk\u00e4r Stugor\",\"isPartOf\":{\"@id\":\"https:\/\/studenter.miun.se\/~pibo1900\/writeable\/dt197g\/Solsk%C3%A4rStugor\/#website\"},\"datePublished\":\"2022-10-29T06:32:26+00:00\",\"dateModified\":\"2022-10-29T16:30:29+00:00\",\"description\":\"L\u00e4s om grundarna till Solsk\u00e4r Stugor - den familjedrivna stugbyn d\u00e4r du kan hyra din sommarstuga f\u00f6r semestern.\",\"breadcrumb\":{\"@id\":\"https:\/\/studenter.miun.se\/~pibo1900\/writeable\/dt197g\/Solsk%C3%A4rStugor\/om-oss\/#breadcrumb\"},\"inLanguage\":\"en-US\",\"potentialAction\":[{\"@type\":\"ReadAction\",\"target\":[\"https:\/\/studenter.miun.se\/~pibo1900\/writeable\/dt197g\/Solsk%C3%A4rStugor\/om-oss\/\"]}]},{\"@type\":\"BreadcrumbList\",\"@id\":\"https:\/\/studenter.miun.se\/~pibo1900\/writeable\/dt197g\/Solsk%C3%A4rStugor\/om-oss\/#breadcrumb\",\"itemListElement\":[{\"@type\":\"ListItem\",\"position\":1,\"name\":\"Home\",\"item\":\"https:\/\/studenter.miun.se\/~pibo1900\/writeable\/dt197g\/Solsk%C3%A4rStugor\/\"},{\"@type\":\"ListItem\",\"position\":2,\"name\":\"Om oss\"}]},{\"@type\":\"WebSite\",\"@id\":\"https:\/\/studenter.miun.se\/~pibo1900\/writeable\/dt197g\/Solsk%C3%A4rStugor\/#website\",\"url\":\"https:\/\/studenter.miun.se\/~pibo1900\/writeable\/dt197g\/Solsk%C3%A4rStugor\/\",\"name\":\"Solsk\u00e4r Stugor\",\"description\":\"Upplev den svenska sk\u00e4rg\u00e5rden\",\"publisher\":{\"@id\":\"https:\/\/studenter.miun.se\/~pibo1900\/writeable\/dt197g\/Solsk%C3%A4rStugor\/#organization\"},\"potentialAction\":[{\"@type\":\"SearchAction\",\"target\":{\"@type\":\"EntryPoint\",\"urlTemplate\":\"https:\/\/studenter.miun.se\/~pibo1900\/writeable\/dt197g\/Solsk%C3%A4rStugor\/?s={search_term_string}\"},\"query-input\":\"required name=search_term_string\"}],\"inLanguage\":\"en-US\"},{\"@type\":\"Organization\",\"@id\":\"https:\/\/studenter.miun.se\/~pibo1900\/writeable\/dt197g\/Solsk%C3%A4rStugor\/#organization\",\"name\":\"Solsk\u00e4r Stugor\",\"url\":\"https:\/\/studenter.miun.se\/~pibo1900\/writeable\/dt197g\/Solsk%C3%A4rStugor\/\",\"logo\":{\"@type\":\"ImageObject\",\"inLanguage\":\"en-US\",\"@id\":\"https:\/\/studenter.miun.se\/~pibo1900\/writeable\/dt197g\/Solsk%C3%A4rStugor\/#\/schema\/logo\/image\/\",\"url\":\"https:\/\/studenter.miun.se\/~pibo1900\/writeable\/dt197g\/Solsk%C3%A4rStugor\/wp-content\/uploads\/2022\/10\/Logo.png\",\"contentUrl\":\"https:\/\/studenter.miun.se\/~pibo1900\/writeable\/dt197g\/Solsk%C3%A4rStugor\/wp-content\/uploads\/2022\/10\/Logo.png\",\"width\":367,\"height\":225,\"caption\":\"Solsk\u00e4r Stugor\"},\"image\":{\"@id\":\"https:\/\/studenter.miun.se\/~pibo1900\/writeable\/dt197g\/Solsk%C3%A4rStugor\/#\/schema\/logo\/image\/\"}}]}<\/script>\n<!-- \/ Yoast SEO plugin. -->","yoast_head_json":{"title":"Om oss - Solsk\u00e4r Stugor","description":"L\u00e4s om grundarna till Solsk\u00e4r Stugor - den familjedrivna stugbyn d\u00e4r du kan hyra din sommarstuga f\u00f6r semestern.","robots":{"index":"index","follow":"follow","max-snippet":"max-snippet:-1","max-image-preview":"max-image-preview:large","max-video-preview":"max-video-preview:-1"},"canonical":"https:\/\/studenter.miun.se\/~pibo1900\/writeable\/dt197g\/Solsk\u00e4rStugor\/om-oss\/","og_locale":"en_US","og_type":"article","og_title":"Om oss - Solsk\u00e4r Stugor","og_description":"L\u00e4s om grundarna till Solsk\u00e4r Stugor - den familjedrivna stugbyn d\u00e4r du kan hyra din sommarstuga f\u00f6r semestern.","og_url":"https:\/\/studenter.miun.se\/~pibo1900\/writeable\/dt197g\/Solsk\u00e4rStugor\/om-oss\/","og_site_name":"Solsk\u00e4r Stugor","article_modified_time":"2022-10-29T16:30:29+00:00","og_image":[{"width":1291,"height":807,"url":"https:\/\/studenter.miun.se\/~pibo1900\/writeable\/dt197g\/Solsk%C3%A4rStugor\/wp-content\/uploads\/2022\/10\/om-oss.jpg","type":"image\/jpeg"}],"twitter_card":"summary_large_image","twitter_misc":{"Est. reading time":"1 minute"},"schema":{"@context":"https:\/\/schema.org","@graph":[{"@type":"WebPage","@id":"https:\/\/studenter.miun.se\/~pibo1900\/writeable\/dt197g\/Solsk%C3%A4rStugor\/om-oss\/","url":"https:\/\/studenter.miun.se\/~pibo1900\/writeable\/dt197g\/Solsk%C3%A4rStugor\/om-oss\/","name":"Om oss - Solsk\u00e4r Stugor","isPartOf":{"@id":"https:\/\/studenter.miun.se\/~pibo1900\/writeable\/dt197g\/Solsk%C3%A4rStugor\/#website"},"datePublished":"2022-10-29T06:32:26+00:00","dateModified":"2022-10-29T16:30:29+00:00","description":"L\u00e4s om grundarna till Solsk\u00e4r Stugor - den familjedrivna stugbyn d\u00e4r du kan hyra din sommarstuga f\u00f6r semestern.","breadcrumb":{"@id":"https:\/\/studenter.miun.se\/~pibo1900\/writeable\/dt197g\/Solsk%C3%A4rStugor\/om-oss\/#breadcrumb"},"inLanguage":"en-US","potentialAction":[{"@type":"ReadAction","target":["https:\/\/studenter.miun.se\/~pibo1900\/writeable\/dt197g\/Solsk%C3%A4rStugor\/om-oss\/"]}]},{"@type":"BreadcrumbList","@id":"https:\/\/studenter.miun.se\/~pibo1900\/writeable\/dt197g\/Solsk%C3%A4rStugor\/om-oss\/#breadcrumb","itemListElement":[{"@type":"ListItem","position":1,"name":"Home","item":"https:\/\/studenter.miun.se\/~pibo1900\/writeable\/dt197g\/Solsk%C3%A4rStugor\/"},{"@type":"ListItem","position":2,"name":"Om oss"}]},{"@type":"WebSite","@id":"https:\/\/studenter.miun.se\/~pibo1900\/writeable\/dt197g\/Solsk%C3%A4rStugor\/#website","url":"https:\/\/studenter.miun.se\/~pibo1900\/writeable\/dt197g\/Solsk%C3%A4rStugor\/","name":"Solsk\u00e4r Stugor","description":"Upplev den svenska sk\u00e4rg\u00e5rden","publisher":{"@id":"https:\/\/studenter.miun.se\/~pibo1900\/writeable\/dt197g\/Solsk%C3%A4rStugor\/#organization"},"potentialAction":[{"@type":"SearchAction","target":{"@type":"EntryPoint","urlTemplate":"https:\/\/studenter.miun.se\/~pibo1900\/writeable\/dt197g\/Solsk%C3%A4rStugor\/?s={search_term_string}"},"query-input":"required name=search_term_string"}],"inLanguage":"en-US"},{"@type":"Organization","@id":"https:\/\/studenter.miun.se\/~pibo1900\/writeable\/dt197g\/Solsk%C3%A4rStugor\/#organization","name":"Solsk\u00e4r Stugor","url":"https:\/\/studenter.miun.se\/~pibo1900\/writeable\/dt197g\/Solsk%C3%A4rStugor\/","logo":{"@type":"ImageObject","inLanguage":"en-US","@id":"https:\/\/studenter.miun.se\/~pibo1900\/writeable\/dt197g\/Solsk%C3%A4rStugor\/#\/schema\/logo\/image\/","url":"https:\/\/studenter.miun.se\/~pibo1900\/writeable\/dt197g\/Solsk%C3%A4rStugor\/wp-content\/uploads\/2022\/10\/Logo.png","contentUrl":"https:\/\/studenter.miun.se\/~pibo1900\/writeable\/dt197g\/Solsk%C3%A4rStugor\/wp-content\/uploads\/2022\/10\/Logo.png","width":367,"height":225,"caption":"Solsk\u00e4r Stugor"},"image":{"@id":"https:\/\/studenter.miun.se\/~pibo1900\/writeable\/dt197g\/Solsk%C3%A4rStugor\/#\/schema\/logo\/image\/"}}]}},"_links":{"self":[{"href":"https:\/\/studenter.miun.se\/~pibo1900\/writeable\/dt197g\/Solsk%C3%A4rStugor\/wp-json\/wp\/v2\/pages\/28"}],"collection":[{"href":"https:\/\/studenter.miun.se\/~pibo1900\/writeable\/dt197g\/Solsk%C3%A4rStugor\/wp-json\/wp\/v2\/pages"}],"about":[{"href":"https:\/\/studenter.miun.se\/~pibo1900\/writeable\/dt197g\/Solsk%C3%A4rStugor\/wp-json\/wp\/v2\/types\/page"}],"author":[{"embeddable":true,"href":"https:\/\/studenter.miun.se\/~pibo1900\/writeable\/dt197g\/Solsk%C3%A4rStugor\/wp-json\/wp\/v2\/users\/1"}],"replies":[{"embeddable":true,"href":"https:\/\/studenter.miun.se\/~pibo1900\/writeable\/dt197g\/Solsk%C3%A4rStugor\/wp-json\/wp\/v2\/comments?post=28"}],"version-history":[{"count":1,"href":"https:\/\/studenter.miun.se\/~pibo1900\/writeable\/dt197g\/Solsk%C3%A4rStugor\/wp-json\/wp\/v2\/pages\/28\/revisions"}],"predecessor-version":[{"id":29,"href":"https:\/\/studenter.miun.se\/~pibo1900\/writeable\/dt197g\/Solsk%C3%A4rStugor\/wp-json\/wp\/v2\/pages\/28\/revisions\/29"}],"wp:featuredmedia":[{"embeddable":true,"href":"https:\/\/studenter.miun.se\/~pibo1900\/writeable\/dt197g\/Solsk%C3%A4rStugor\/wp-json\/wp\/v2\/media\/63"}],"wp:attachment":[{"href":"https:\/\/studenter.miun.se\/~pibo1900\/writeable\/dt197g\/Solsk%C3%A4rStugor\/wp-json\/wp\/v2\/media?parent=28"}],"curies":[{"name":"wp","href":"https:\/\/api.w.org\/{rel}","templated":true}]}}